f l.
2, 31
Suppose 94*p - 83*p - 43241 = 0. List the prime factors of p.
3931
Suppose -5*n + 3*k = -2837, 8*k - 4*k - 1679 = -3*n. List the prime factors of n.
5, 113
Let v(l) = 4*l. Let q be v(1). Suppose 2*r = 3*h - q*h - 12, 5*r = 2*h - 21. List the prime factors of 18 + (h - 0) + 5.
3, 7
Suppose 448*s - 37130 = 438*s. List the prime factors of s.
47, 79
Let a be -1*(-1 - (4 - 2)). List the prime factors of 3 - (a + -7)*59.
239
Let k(j) = -2*j**2 - 36*j + 4. List the prime factors of k(-15).
2, 47
Let y = 85 - 80. Suppose 0 = -z + y*z, -3*m - 2*z + 285 = 0. List the prime factors of m.
5, 19
Let w(r) = 7*r**2 - r - 14. Let i(l) = l**2 - l - 1. Let n(g) = -2*i(g) + w(g). Let h be n(-4). List the prime factors of -1 - (1 - (h + 3)).
5, 13
Let g(q) = -q**3 + 9*q**2 - 9*q + 4. Let l be g(8). Let f = -4 - l. Suppose -2*j + 56 - 4 = f. List the prime factors of j.
2, 13
Let d be (-4)/(-3) - (-224)/48. Suppose -d*j + 3 + 543 = 0. List the prime factors of j.
7, 13
Let l = -18 + 20. List the prime factors of 42/((-4)/(-12)*l).
3, 7
Suppose -140 = -0*l - 7*l. List the prime factors of l/((-2)/(-1))*4.
2, 5
List the prime factors of ((-8)/12)/((-6)/3033).
337
Suppose -5*k + 2 = -4*k. Let j = 222 - 206. Suppose k*z - 8 = -3*b, 5*b - 2*z = 8 + j. What are the prime factors of b?
2
Suppose -5*c - 4*l + 10 = -9*l, 8 = -3*c - 4*l. Suppose -616 = -25*q - 3*q. Suppose c = -5*j + 43 + q. What are the prime factors of j?
13
Let c(f) = -2*f**3 - 2*f**2 + 1. Let h be c(-1). Let g be 2*9/(4 - h). Let s(y) = 2*y**2 - 8*y + 7. List the prime factors of s(g).
31
Let s = 78 - -247. Let u = 467 - s. List the prime factors of u.
2, 71
Let v = 111 + -37. Let x = 661 - 424. Suppose -71*p + v*p = x. What are the prime factors of p?
79
Let l(v) = -16*v - 4. Let b(m) = -1. Let z(o) = 3*b(o) - l(o). What are the prime factors of z(1)?
17
Suppose 2*u = -u - 6. Let x be 68 + (u - (-4)/1). Suppose 28 - x = -3*b. What are the prime factors of b?
2, 7
Let s = 37 + -7. Suppose g + g = s. Suppose -7*o + 4*o = -g. List the prime factors of o.
5
Let s(t) = -5*t**3 - t + 1. Let i(v) = v**2 - 4*v + 1. Let x be i(4). Let p be s(x). List the prime factors of (112/(-20))/(2/p).
2, 7
Let o = 22 - 20. Let k(t) = -t**o + 4*t**2 + 5*t**3 - 4*t**3 + t**2 + 3*t. What are the prime factors of k(-2)?
2
Suppose -r = -s + 75, -s - 425 = 5*r + 4*s. Let y = r + 290. List the prime factors of y.
2, 3, 5, 7
Suppose -y + x = -36, 3*x - 199 = -3*y - 61. Suppose 2*k - y = -o, -3*k - k = -2*o - 62. List the prime factors of k.
2, 3
Suppose d = z + 3*z + 123, 0 = -5*d + 5*z + 570. Let j = -13 + d. List the prime factors of j.
2, 7
Let r(h) = 67*h**2 + 4*h - 3. Let z be (1 - 2)/(-5 + (7 - 3)). List the prime factors of r(z).
2, 17
Let w(a) = a. Let s = -22 + 13. Let k = 4 - s. What are the prime factors of w(k)?
13
Suppose 0 = -l - 0*l + 28. Suppose 0*c = -2*c - l. Let v = c + 34. List the prime factors of v.
2, 5
Suppose -36*t + 41*t = 4910. What are the prime factors of t?
2, 491
Suppose 12*z - 25*z + 22555 = 0. What are the prime factors of z?
5, 347
Let m = 1087 - 677. What are the prime factors of m?
2, 5, 41
Let m be (5/(-5))/(-1 + 84/87). Suppose s - m = 2*v - 3*v, 5*v - 165 = 5*s. List the prime factors of v.
31
Let p(x) = 4*x**2 + 2*x + 2. Let o be p(-1). List the prime factors of (o + -2 + -3)*-27.
3
Suppose -6*j + 12 + 6 = 0. Suppose 70 = h - j*l + 5*l, 280 = 4*h + 5*l. List the prime factors of h.
2, 5, 7
Suppose 0 = 4*q - 2*c - 32, 0 = q + 5*c - 14 - 16. Suppose 0 = q*b - 11*b + 165. What are the prime factors of b?
3, 5, 11
Let v = 599 + 909. List the prime factors of v.
2, 13, 29
Suppose 5*g + 16 = -5*p - 9, 5*g + 30 = -4*p. Let j(a) = -5*a**3 + 11*a**2 + 6*a**3 + 6*a + 3 - 4. List the prime factors of j(g).
3, 13
Let z(a) = -4*a**3 + a**2. Let o be z(-1). Suppose -2*s - 3 = -13, 5*s - 40 = -5*h. Suppose -o*w = c - 3*w, -c + w = -h. List the prime factors of c.
2
Let y(q) = -q**2 + 18*q + 32. List the prime factors of y(15).
7, 11
Let u = 169 - -236. Suppose u = 13*z - 8*z. What are the prime factors of z?
3
Suppose 0*a - 15 = -2*a - 5*t, -4*a + 2*t + 18 = 0. Let f be 12/(-4 - 8)*-1*3. Suppose a*s = -f*s + 400. What are the prime factors of s?
2, 5
Suppose -2*l + 0*l = -3*f, -f - 3*l = 11. List the prime factors of (-6)/(60/1165)*f.
233
Suppose -7*f + 4176 = -4*f - 2*g, -3*f + g + 4179 = 0. List the prime factors of f.
2, 17, 41
Suppose -12*v = -17*v + 10. Suppose 4*c = 4*g + 316, -5*g = -0*c - v*c + 164. What are the prime factors of c?
7, 11
Let y(z) = 3*z**2 + z + 1. Let l be y(-4). Let s = -31 + l. Suppose -2*w = 2*v - 3 - 25, -v + s = -5*w. List the prime factors of v.
2, 7
Let t be 493/(-6) - (-5)/30. List the prime factors of t/(-2 - 0) - -4.
3, 5
Let a = 48 + -44. Suppose -2*h - 6*b + 4*b + 106 = 0, 2*h = -a*b + 116. What are the prime factors of h?
2, 3
Suppose 0 = -4*f + f + 33. Suppose -7*s + f*s = 0. Suppose k + 4*y + 3 = s, 4*k = 2*y - 5*y + 53. List the prime factors of k.
17
Let p(c) = -15*c**3 + 7*c**2 - 24*c + 5. List the prime factors of p(-5).
3, 5, 29
Let z be (4 - (-4 + 8))/(-1). Suppose 0 = -5*q + 2*j - z*j + 72, 67 = 5*q + 3*j. List the prime factors of q.
2, 7
Suppose 2*x = -0*x + 1580. Suppose -3*b = 15, -2*b = -p + 6*p - x. Suppose -5*i + 3*v + p = 0, -4*i - v = -2*v - 135. What are the prime factors of i?
5, 7
Suppose 0 = 5*o - 8 - 2. Suppose 5*f = -o*d + 61, f - 106 = -2*d + 5*f. List the prime factors of d.
43
Suppose 2*k + 3*i - i - 2 = 0, 3*i = 0. Let a = 1 - k. Suppose 35 = -a*j + j. What are the prime factors of j?
5, 7
Suppose -41*k + 39*k = -3*h - 2547, 4*h + 3822 = 3*k. What are the prime factors of k?
2, 3, 71
What are the prime factors of (33/66)/((-1)/(-864))?
2, 3
Let l(j) = j + 4. Let u be l(8). Suppose 0 = u*d - 17*d + 600. What are the prime factors of d?
2, 3, 5
Let y(z) be the third derivative of z**6/20 - z**5/60 + z**4/12 - z**3/3 + z**2. List the prime factors of y(1).
5
Let n be (9/(-18))/(1/432). Let k = n - -509. What are the prime factors of k?
293
Let h be -2 + -2 - (-14)/2. Let y(v) = 6*v**2 + 5*v - 6 - 2*v**3 + v**h + 7*v + 0*v**2. What are the prime factors of y(6)?
2, 3, 11
Let l = -12 - -12. Suppose l = -3*r, 5*w + 0*r = -3*r + 250. What are the prime factors of w?
2, 5
Let a = 49 - 34. What are the prime factors of 286/10 + 6/a?
29
Let v = -2646 - -4550. List the prime factors of v.
2, 7, 17
Let p = -34 + 47. Suppose p*f - 12 = 12*f - 3*a, 5*f = -a + 88. What are the prime factors of f?
2, 3
Let q(x) = 30*x + 31. What are the prime factors of q(7)?
241
Let k = 85 - 74. What are the prime factors of k - -1 - (-10)/((-20)/(-6))?
3, 5
Let q(w) = w**2 - 23*w + 38. Let y be q(21). What are the prime factors of 122 + 4 + 0 + y?
2, 61
Let t = -49 + 49. Suppose 159 = 5*r - 3*l, 2*r + t*l = -3*l + 51. What are the prime factors of r?
2, 3, 5
Let b be (-465)/(-6) + 7/(-14). Let p = b - 68. List the prime factors of p.
3
Let m(d) = -4*d + 73. Let b be m(12). Let n = b + -2. What are the prime factors of n?
23
Suppose -5*r = 2*d - 5, 3*r = 5*d - d + 29. Suppose -p + 249 = 3*z, r*p + 7*z - 755 = 6*z. What are the prime factors of p?
2, 3, 7
Let c(t) = -t - 2. Let z be c(-2). Let v = 3 - z. Suppose -4 = -2*d + b - v*b, -b = -2*d + 13. What are the prime factors of d?
5
Let k(r) = r**2 - 111*r + 86. List the prime factors of k(-16).
2, 3, 353
Let a be 4/(-2)*(-3)/(-2). Let z be 1/a - 21/(-9). Suppose k = -z - 1, -5*h - 4*k = -33. List the prime factors of h.
3
Let a = 0 - 0. Let t(k) = -k - 9. Let r be t(a). List the prime factors of (9/6)/(r/(-336)).
2, 7
Suppose 191*n - 194*n + 42 = 0. Suppose n*k - 15*k = -33. List the prime factors of k.
3, 11
Let w(z) = 16*z**2 - 3*z + 2. Let r(x) = -16*x**2 + 3*x - 3. Let f(d) = 6*r(d) + 7*w(d). List the prime factors of f(-1).
3, 5
Suppose m + 3*m + j = 51, 6 = m - 2*j. Let c = m - 12. Suppose -3*n - 6 + 16 = f, c = f - 1. List the prime factors of n.
3
Suppose i + 8 + 22 = 0. List the prime factors of (-6615)/i - 1/2.
2, 5, 11
Let d be (-4)/6 + 55/15. Suppose -4*p - n = -0*p - 32, -d*n - 32 = -4*p. List the prime factors of p.
2
Let u be 4/2 + (-4)/(-1). Suppose 10 = u*t - 2. Suppose -5*b + 12 = -t*b. What are the prime factors of b?
2
What are the prime factors of (-10)/(-125) - 11682/(-225)?
2, 13
Lis